is divided by 264.
28
Calculate the remainder when 2226 is divided by 2050.
176
Calculate the remainder when 141063 is divided by 928.
7
Calculate the remainder when 37 is divided by 9.
1
What is the remainder when 30460 is divided by 15225?
10
What is the remainder when 156296 is divided by 51?
32
Calculate the remainder when 356 is divided by 91.
83
Calculate the remainder when 32621 is divided by 29.
25
Calculate the remainder when 2900349 is divided by 38.
37
Calculate the remainder when 278999 is divided by 155.
154
What is the remainder when 116856 is divided by 58368?
120
What is the remainder when 8243 is divided by 1150?
193
What is the remainder when 176307 is divided by 13557?
66
What is the remainder when 818 is divided by 63?
62
Calculate the remainder when 23220 is divided by 192.
180
Calculate the remainder when 33983 is divided by 16827.
329
Calculate the remainder when 13948 is divided by 6973.
2
What is the remainder when 10862 is divided by 303?
257
What is the remainder when 33837 is divided by 1353?
12
Calculate the remainder when 1132 is divided by 514.
104
Calculate the remainder when 127355 is divided by 8489.
20
Calculate the remainder when 561 is divided by 534.
27
Calculate the remainder when 463 is divided by 98.
71
What is the remainder when 109978 is divided by 128?
26
What is the remainder when 13440 is divided by 42?
0
What is the remainder when 28943 is divided by 18?
17
What is the remainder when 20807 is divided by 987?
80
Calculate the remainder when 8548 is divided by 27.
16
What is the remainder when 2161 is divided by 2160?
1
What is the remainder when 3081 is divided by 333?
84
What is the remainder when 519763 is divided by 28?
27
What is the remainder when 3959 is divided by 66?
65
Calculate the remainder when 127677 is divided by 1129.
100
Calculate the remainder when 164654 is divided by 54838.
140
What is the remainder when 15443 is divided by 66?
65
What is the remainder when 4789 is divided by 246?
115
What is the remainder when 10575 is divided by 73?
63
What is the remainder when 26132 is divided by 106?
56
Calculate the remainder when 12709 is divided by 397.
5
Calculate the remainder when 12513 is divided by 1524.
321
Calculate the remainder when 6177 is divided by 138.
105
What is the remainder when 9094 is divided by 429?
85
What is the remainder when 27765 is divided by 20?
5
Calculate the remainder when 15663 is divided by 3910.
23
What is the remainder when 645565 is divided by 32?
29
Calculate the remainder when 18309 is divided by 6102.
3
What is the remainder when 413584 is divided by 47?
31
Calculate the remainder when 424330 is divided by 9868.
6
Calculate the remainder when 1755 is divided by 837.
81
Calculate the remainder when 112668 is divided by 117.
114
What is the remainder when 335 is divided by 260?
75
Calculate the remainder when 5729 is divided by 1054.
459
What is the remainder when 16361 is divided by 1481?
70
Calculate the remainder when 18437 is divided by 270.
77
What is the remainder when 3159 is divided by 26?
13
What is the remainder when 17295 is divided by 5764?
3
Calculate the remainder when 11057 is divided by 2736.
113
Calculate the remainder when 1853 is divided by 181.
43
Calculate the remainder when 25623 is divided by 1078.
829
What is the remainder when 277402 is divided by 12?
10
Calculate the remainder when 253009 is divided by 587.
12
Calculate the remainder when 12791 is divided by 413.
401
Calculate the remainder when 4412 is divided by 1114.
1070
What is the remainder when 101615 is divided by 2425?
2190
What is the remainder when 5597 is divided by 1045?
372
What is the remainder when 16 is divided by 4?
0
What is the remainder when 1531189 is divided by 34?
33
Calculate the remainder when 43460 is divided by 14483.
11
What is the remainder when 3125 is divided by 168?
101
Calculate the remainder when 95377 is divided by 305.
217
What is the remainder when 66300 is divided by 745?
740
What is the remainder when 2969 is divided by 129?
2
What is the remainder when 515 is divided by 112?
67
What is the remainder when 3415 is divided by 179?
14
Calculate the remainder when 5915 is divided by 69.
50
Calculate the remainder when 1411 is divided by 360.
331
What is the remainder when 67986 is divided by 91?
9
What is the remainder when 11578 is divided by 228?
178
What is the remainder when 9645 is divided by 2281?
521
What is the remainder when 2867 is divided by 16?
3
What is the remainder when 988 is divided by 24?
4
Calculate the remainder when 6333 is divided by 372.
9
Calculate the remainder when 653713 is divided by 138.
7
Calculate the remainder when 61088 is divided by 103.
9
Calculate the remainder when 83344 is divided by 11895.
79
What is the remainder when 288462 is divided by 174?
144
What is the remainder when 2328 is divided by 18?
6
What is the remainder when 876 is divided by 291?
3
What is the remainder when 50659 is divided by 29?
25
What is the remainder when 2615 is divided by 1203?
209
Calculate the remainder when 4446 is divided by 32.
30
Calculate the remainder when 1319 is divided by 29.
14
Calculate the remainder when 9202 is divided by 26.
24
Calculate the remainder when 79271 is divided by 15.
11
What is the remainder when 2656 is divided by 1262?
132
What is the remainder when 272445 is divided by 78?
69
Calculate the remainder when 356 is divided by 161.
34
What is the remainder when 6611 is divided by 200?
11
What is the remainder when 305015 is divided by 49?
39
Calculate the remainder when 9329 is divided by 1331.
12
Calculate the remainder when 11057 is divided by 11051.
6
What is the remainder when 1494716 is divided by 74?
64
Calculate the remainder when 3702 is divided by 589.
168
Calculate the remainder when 4657 is divided by 922.
47
Calculate the remainder when 8228 is divided by 1352.
116
Calculate the remainder when 85931 is divided by 8585.
81
Calculate the remainder when 25995 is divided by 136.
19
What is the remainder when 18357 is divided by 157?
145
Calculate the remainder when 11486 is divided by 261.
2
Calculate the remainder when 3465 is divided by 703.
653
What is the remainder when 7840 is divided by 2611?
7
Calculate the remainder when 61560 is divided by 61551.
9
Calculate the remainder when 1550 is divided by 230.
170
Calculate the remainder when 29128 is divided by 27.
22
What is the remainder when 4179 is divided by 542?
385
Calculate the remainder when 765097 is divided by 442.
437
What is the remainder when 541 is divided by 249?
43
What is the remainder when 663561 is divided by 48?
9
Calculate the remainder when 138172 is divided by 8.
4
Calculate the remainder when 1388 is divided by 291.
224
Calculate the remainder when 56657 is divided by 61.
49
What is the remainder when 13408 is divided by 4441?
85
What is the remainder when 33477 is divided by 9?
6
Calculate the remainder when 389949 is divided by 201.
9
What is the remainder when 129769 is divided by 49?
17
What is the remainder when 1178 is divided by 235?
3
What is the remainder when 1516 is divided by 1018?
498
Calculate the remainder when 52981 is divided by 13242.
13
What is the remainder when 2752133 is divided by 1771?
1770
Calculate the remainder when 1741 is divided by 421.
57
What is the remainder when 3057 is divided by 963?
168
What is the remainder when 1214 is divided by 398?
20
What is the remainder when 22480 is divided by 1248?
16
Calculate the remainder when 312119 is divided by 637.
626
Calculate the remainder when 71238 is divided by 35611.
16
What is the remainder when 97588 is divided by 169?
75
Calculate the remainder when 14371 is divided by 86.
9
What is the remainder when 4213 is divided by 2874?
1339
Calculate the remainder when 14954 is divided by 112.
58
Calculate the remainder when 571 is divided by 140.
11
What is the remainder when 15466 is divided by 6?
4
Calculate the remainder when 70302 is divided by 15.
12
What is the remainder when 7803 is divided by 1560?
3
Calculate the remainder when 20903 is divided by 20892.
11
What is the remainder when 13193 is divided by 884?
817
What is the remainder when 118307 is divided by 59?
12
Calculate the remainder when 5327 is divided by 189.
35
What is the r